ulate (-5 - (8 + -17)) + (2 - 7) + 41 + -45.
-5
Calculate (-20 - (8 - 0 - 29)) + (35 + 3 - -3).
42
-9 - ((12 - -1) + (-105 - -125)) - -12
-30
Calculate 3 + -1 + 16 + 1 + -1 + (0 - 7).
11
(20 - 4) + -294 + 295
17
What is -75 + (9 + -3 + 15 - -5 - 14)?
-63
What is the value of 17 + 2 - (60 + (85 - 88))?
-38
Evaluate 100 - 48 - (-7 + 43).
16
45 + (15 - -25 - 26 - (-1 - -29))
31
What is -11 + (16 - 0) + -78 + (11 - -53)?
-9
What is the value of (-1 - -19 - (118 - 99)) + -78 + 2?
-77
Evaluate 75 + (100 + -5 - 66).
104
Evaluate -8 + (-67 - (-23 + 8 + -15)).
-45
Evaluate (-25 - (1 + -6)) + 321 + -290.
11
What is the value of (-45 - (-4 + 2 + 0)) + (20 - (54 + -25))?
-52
Evaluate -3 + 12 + 9 + 29 + -38 + -87.
-78
What is 2 + (6 + (2 - -1) - -13)?
24
Evaluate 7157 + -7171 + (-2 + 26 + 1 - 1) - -22.
32
Evaluate 6 + -3 + 5 + -45.
-37
What is the value of (-13 - 4) + 32 + -2 + (3 - -16)?
32
11 - (3 + 5 + -12 + 2) - 7 - 19
-13
What is the value of -2 + 5 + 2 + (14 - (-4 - 8))?
31
What is the value of (1 - 35) + (-66 - (-103 + -111))?
114
-14286 - -14283 - ((1 + 0 - -41) + -1)
-44
Evaluate -107 + (-1 - 0) + (-111 - (141 - 233)).
-127
Calculate -65 - (27 + -33) - -14.
-45
Evaluate (13 + 16 + -17 - (-1 + 11)) + 2.
4
What is the value of 105 - (20 + (-72 - -136))?
21
Calculate 9 + -2 + 4 + 0 - (-30 + 12).
29
What is -10 + (1 - -1) - 4 - (2 + 9 - 32)?
9
What is the value of (4 - -13 - (-1 - (-2 + -2))) + 182 + -188?
8
Calculate -6 - -55 - (468 + -444).
25
-6 - ((27 - 73) + 31)
9
What is the value of -9 + -31 + 12 - (66 + -21)?
-73
Calculate 59 + -71 + (-14 - (4 - -89) - 5).
-124
Calculate 6 - ((1 - 8) + -4 + 60) - (1 + 3).
-47
Calculate 116 + -84 + -106 + -7.
-81
Evaluate -51 - -1 - (46 + -13 - 32) - 19.
-70
Calculate -108 + -12 + 45 + (27 - 67).
-115
Calculate -4 + 3 + 29 + -1 - (-7 + -2).
36
Evaluate (5 - 0 - (-196 + 220)) + (-74 - -13).
-80
Evaluate -1 + -20 + 674 + -661 + 4.
-4
What is the value of -54 + 93 + -45 + 35?
29
What is (-17 - (-23 + (-17 - -35))) + -2 + -2 - 1?
-17
Calculate 25 - ((-34 - -17) + -8 - -55) - (48 + -2).
-51
(-23 - (12 - 69) - 34) + (-1 - -7) - 103
-97
What is the value of -22 + 33 + -22 + -13?
-24
What is (29 - 42 - (-80 - 11)) + 19 + 2?
99
Calculate 22 - (4 + -5 + -51 + 35).
39
(4 - (32 - 71)) + -38
5
What is the value of 38 - (-28 + 59 - (16 + 6))?
29
What is the value of -35 + (42 - -55) - -15?
77
Calculate 790 + -826 - ((-3 - (-1 - 1)) + 17).
-52
What is the value of -3 + (-33 - (-30 - 13)) + 25 + -1?
31
What is 51 + (20 - 27) + -30 + 8?
22
-61 + -56 + 163 + (-95 - -10)
-39
Evaluate (76 - 25) + -114 + 0.
-63
What is (-2 - (7 - (7 - 0))) + (4 - (18 - 5))?
-11
Evaluate 7 + (3 + 17 + 51 - ((-3 - -7) + 9)).
65
Calculate 34 + -2 + 5 + -13.
24
What is (-150 - -112) + -6 + 23 + -2 + 60?
37
30 - 32 - (-10 - -3) - -13
18
What is the value of -7 - (-21 - (-1 - (25 - 20))) - -23?
31
What is the value of (724 - 749) + (43 - 1)?
17
What is the value of -37 + 1 - (21 - (48 + -28))?
-37
What is the value of (2 - (-1 - -2)) + (-8 - 1 - -7) + -3?
-4
What is the value of -30 + 9 + 34 + 3 + -5 + -3?
8
What is 8 - (4 - (21 + -77) - -6)?
-58
What is (-210 - (-58 + -114)) + 0 + -25?
-63
1339 - 1184 - (105 - -3)
47
What is (57 + -75 - (-5 - -3 - 5)) + 2 + -56?
-65
Calculate -13 - (85 + -29 + -12).
-57
(13 - 3 - (-7 - 77 - -64)) + (0 - 6)
24
Calculate -10 - (-4 + -18 + 4 + 69 + 2).
-63
What is the value of -69 + -17 + -17 + (-2 - (14 - 62))?
-57
Evaluate -25 - (-18 + 18 + -13 + 7).
-19
Evaluate (17 - 35 - -46 - 14) + 11.
25
What is the value of 16 + -52 + 24 + -15?
-27
What is 59 + (-28 - 23) + (19 - 1)?
26
Calculate (19 + (-8 - -11) - 64) + 19.
-23
What is -6 - (44 + -45 + (2 - -5) + (-8 - -4))?
-8
Evaluate -2 + 24 + -570 + 553 - (1 + 106 + 1).
-103
Evaluate 18 + -81 + 24 + (-64 - -20) + 23.
-60
-23 + (-6 - 2) + (-41 - -37) - 6
-41
Evaluate -12 - 13 - (21 - (15 + -32)).
-63
Calculate -3 - 21 - (88 - 118) - 20.
-14
Calculate (11 - 1) + -2 + -36 + (-1 - -19).
-10
Evaluate -247 + 388 + -186 + 0 + 0.
-45
Calculate (37 - 1) + 1019 + -1054 - (-16 + 1).
16
What is -12 + (4 - 0) - (4 - (-35 + 40))?
-7
What is 27 - (26 + -13) - -18?
32
What is 141 - 2 - (72 - (102 + (-22 - 31)))?
116
Calculate 61 - (-56 - (-210 - -58)).
-35
What is (27 - 4) + -37 + 27 + -25?
-12
What is -27 + (106 - (141 - 32))?
-30
Calculate -16 - (-18 - (7 - 18) - -11 - (3 - 0)).
-17
What is the value of 6897 + -6805 - (-1 - -109)?
-16
Evaluate -19 + -20 + 6 - 29 - (-6 - -12).
-68
Evaluate (40 + -29 - -17) + -3.
25
Calculate (-38 - -12) + 44 + (-3 - -10) + 2.
27
What is the value of (-28 - -25) + (-4 - -1) - (19 - -7 - 14)?
-18
Calculate -19 + 4 + (21 - 13) - (6 + -28).
15
What is the value of 0 - -20 - ((-4 - 1) + (-9 - -26))?
8
Calculate 7 - (37 - 36 - (-7 + 56)).
55
What is (163 - 103) + (-9 - (-5 + 1 - -3)) + 0?
52
26 + (17 - ((-5 - 5) + 26)) - (1 + -6)
32
What is -89 - (-3 - -5 - 1) - 3 - (-21 - -35)?
-107
What is (-188 - -95) + 41 - -55?
3
Calculate (-11 - (36 + 40 + -25)) + 18.
-44
What is 6 + (5 - (-17 + -5 + 1 + -11)) - -5?
48
153 + (-101 - -37) + -44
45
What is the value of (-13 - 1) + (2 - (-29 + -2 - 23))?
42
What is 18 + (60 - 15 - 43)?
20
Calculate (-3 - (-4 + 3)) + (286 - 247).
37
Calculate -5 + 0 - (-170 - (-1 - (15 - -39))).
110
Evaluate -40 + (49 - (-59 + 42)).
26
What is the value of (0 - (-14 + 3)) + (-11 - -18 - (23 + 37))?
-42
Calculate -61 + -4 + (450 - 315).
70
-4 - (-1 - (9 + (-16 - -13)) - (-53 - -4))
-46
Calculate (26 - (-27 + 94)) + -24 + 10 + (1 - 1).
-55
Calculate (40 - -2 - (36 + 40 + -79)) + 4.
49
What is -29 + (0 - -17) + 1 - (-3 - 15)?
7
238 + 16 + (-26 - 128)
100
11 - -2 - (-8 - -3 - 13)
31
What is 21 + (4 - 15) - (-44 + 102)?
-48
Calculate 7 - -61 - (15 + 38 + -39).
54
Evaluate 8 + (-20 + 69 + 1 - (-3 + -3)).
64
Evaluate -20 + (9 - 11) + -4.
-26
What is (-474 - -513) + 1 + (-1 - 4)?
35
What is the value of (39 - (-14 - -11)) + -3 + (-9 - -3)?
33
Calculate -2 + -11 + (-14 - -44) + -20 - -5.
2
Calculate (-124 - -19 - -111) + 41.
47
Evaluate 12 + 157 + (263 - 357).
75
What is -32 + -43 + (43 - -62)?
30
Evaluate 43 + 29 + -43 + -4.
25
Calculate -110 + (-8 + (-1 - -3) - -21 - (-5 + 8)).
-98
What is the value of -5 + -1 - -1 - -19 - (-24 - (53 + -185))?
-94
-21 + -54 + 0 + 16
-59
Evaluate (21 + 5 + -11 - 11) + 15 + 12 + -4.
27
What is the value of 8 - (5 + 69 + -83 + (3 + -2 - -32))?
-16
Calculate -85 + (-8 - (-9 + -16)) - -3.
-65
What is (-2859 - -2856) + (-44 - ((-2 - 1) + 0))?
-44
(12 - (-6 - -7)) + (1 - -8 - 1)
19
0 + -50 + -31 + 8 + -24 + 53
-44
(-6 - 17) + 18 - (-10 - -15) - -3
-7
What is -9 - (3 + -21) - 5 - (-6 - -7)?
3
Evaluate -26 + (110 - 62) - 14.
8
-71 + (-33 - -93) + -25 + 3
-33
Calculate -26 - 2 - (32 + -54 + 34).
-40
Calculate ((-3 - -38) + -23 - (1 + 0 - -90)) + 0.
-79
-87 - -185 - (3 + -25 + 24)
96
Calculate -2 + -4 + (-332 - -315) - -4.
-19
What is the value of 4 - 14 - -88 - (8 - (1 + -8 - -6))?
69
-49 + -55 + 101 + 27
24
Calculate -9 + 0 + ((30 - -12) + -60 - (6 - 13)).
-20
What is the value of (-5 + 13 - -12) + 2 + 23?
45
10 - -6 - (318 + -358)
56
What is the value of 9 + (-5 + 6 - -1) + -82 + (-4 - -5)?
-70
Evaluate (-130 - -150) + -2 + (0 - 11).
7
Evaluate -95 - (-112 + 15) - (84 - 3).
-79
-95 + 98 + (3 - 0) - 42
-36
What is the value of 27 + ((-7 - -32) + -9 - (12 + -6))?
37
6 + 2 + 15 + -13 + 16 + -12 - 7
7
What is the value of 0 - (-371 + 393 - (-10 - 4))?
-36
Evaluate -3 - (2 + 0 + 60 + -2) - (-38 + 29).
-54
7 + 21 + (-115 - -73) + -140 + (-1 - -3)
-152
Calculate (139 - 66) + -61 + 20.
32
Evaluate 32 - 10 - (40 + -18 + -107) - 9.
98
What is the value of -4167 - -4217 - (0 + 45)?
5
-81 + 10 + 14 - ((-4 - 0 - 0) + 1)
-54
What is the value of 1 + 33 - (7843 - 7804)?
-5
What is 253 + -194 + (-1 - -3 - (1 + -2)) + 4?
66
Evaluate 17 + (-35 - (14 + -9)) + 14.
-9
What is the value of 2 - (-20 + 35 - (-2 - 20))?
-35
What is -92 + (-1 - 3) + (0 - 0) + 36 + -35?
-95
39 - 0 - (-1 - 6 - -8) - (-164 + 165)
37
What is the value of -38 - 5 - (-26 + 9 + 22 - (0 - -6))?
-42
27 - (-50 - (-41 - 59))
-23
Calculate -37 + (3 - 23) + 7 - (-6 + -4).
-40
Calculate 115 - 115 - (66 - 10).
-56
What is (23 - -5) + -28 + (-7 - -35)?
28
What is the value of (-42 + 64 - 68) + 4 + 185?
143
(-4 - 105) + (572 - 518)
-55
Evaluate (-3 - -1 - 23 - (-4792 - -4790)) + -